{"id":579,"date":"2020-04-14T21:52:18","date_gmt":"2020-04-14T19:52:18","guid":{"rendered":"http:\/\/archiv.oton-giessen.de\/?page_id=579"},"modified":"2022-09-23T10:41:09","modified_gmt":"2022-09-23T08:41:09","slug":"vorlage-2","status":"publish","type":"page","link":"https:\/\/archiv.oton-giessen.de\/?page_id=579","title":{"rendered":"Systemisches Stimmcoaching"},"content":{"rendered":"<p>[et_pb_section fb_built=&#8220;1&#8243; _builder_version=&#8220;4.4.3&#8243; global_colors_info=&#8220;{}&#8220;][et_pb_row column_structure=&#8220;1_2,1_2&#8243; _builder_version=&#8220;4.14.9&#8243; _module_preset=&#8220;default&#8220; global_colors_info=&#8220;{}&#8220;][et_pb_column type=&#8220;1_2&#8243; _builder_version=&#8220;4.14.9&#8243; _module_preset=&#8220;default&#8220; hover_enabled=&#8220;0&#8243; global_colors_info=&#8220;{}&#8220; sticky_enabled=&#8220;0&#8243;][et_pb_image src=&#8220;https:\/\/archiv.oton-giessen.de\/wp-content\/uploads\/2022\/09\/IMG_1709-3.jpg&#8220; title_text=&#8220;IMG_1709 (3)&#8220; _builder_version=&#8220;4.14.9&#8243; _module_preset=&#8220;default&#8220; custom_margin=&#8220;|0px|||false|false&#8220; global_colors_info=&#8220;{}&#8220;][\/et_pb_image][\/et_pb_column][et_pb_column type=&#8220;1_2&#8243; _builder_version=&#8220;4.14.9&#8243; _module_preset=&#8220;default&#8220; global_colors_info=&#8220;{}&#8220;][et_pb_text admin_label=&#8220;Zitat Brecht&#8220; _builder_version=&#8220;4.14.9&#8243; module_alignment=&#8220;left&#8220; custom_margin=&#8220;0px||||false|false&#8220; custom_padding=&#8220;0px||||false|false&#8220; global_colors_info=&#8220;{}&#8220;]<\/p>\n<p><strong>&#8222;Der Obstbaum, der kein Obst bringt<br \/><\/strong><strong>Wird unfruchtbar gescholten, wer<br \/><\/strong><strong>Untersucht den Boden?<br \/><\/strong><strong>Der Ast, der zusammenbricht<br \/><\/strong><strong>Wird faul gescholten, aber<br \/><\/strong><strong>Hat nicht Schnee auf ihm gelegen?&#8220;<\/strong><\/p>\n<p><em><strong>Bertold Brecht<\/strong><\/em><\/p>\n<p>[\/et_pb_text][\/et_pb_column][\/et_pb_row][et_pb_row column_structure=&#8220;1_2,1_2&#8243; _builder_version=&#8220;4.14.9&#8243; custom_margin=&#8220;20px||||false|false&#8220; global_colors_info=&#8220;{}&#8220;][et_pb_column type=&#8220;1_2&#8243; _builder_version=&#8220;4.4.3&#8243; global_colors_info=&#8220;{}&#8220;][et_pb_text admin_label=&#8220;Text Coaching 1&#8243; _builder_version=&#8220;4.14.9&#8243; global_colors_info=&#8220;{}&#8220;]<\/p>\n<p>Ohne weiter dar\u00fcber nachzudenken, gestalten wir den Kontakt mit anderen Menschen ma\u00dfgeblich \u00fcber unsere Stimme. Sie ist das Kommunikationsinstrument! \u00dcber unsere Sprechweise und damit \u00fcber unsere Stimme vermitteln wir innere Haltungen, Gef\u00fchle und Intentionen. Erleben wir Konflikte und Krisen, reagieren wir k\u00f6rperlich und seelisch mit hoher Anspannung. Unser Selbstausdruck wird mehr oder weniger bewusst zur Krisenvertonung, die sich z.B. \u00fcber Heiserkeit, Stimmerm\u00fcdung, Druck- und Engegef\u00fchle beim Sprechen und Singen, Kurzatmigkeit u.v.m. zeigen kann. Symptome machen Sinn. Sie verweisen auf Unstimmigkeiten in den jeweiligen Lebenszusammenh\u00e4ngen, die es neugierig und unvoreingenommen in den Blick zu nehmen gilt. Dabei achte ich besonders auf das, was im Leben schon gelungen ist und gelingt.<\/p>\n<p>[\/et_pb_text][\/et_pb_column][et_pb_column type=&#8220;1_2&#8243; _builder_version=&#8220;4.4.3&#8243; global_colors_info=&#8220;{}&#8220;][et_pb_text admin_label=&#8220;Text Coaching 2&#8243; _builder_version=&#8220;4.14.9&#8243; global_colors_info=&#8220;{}&#8220;]<\/p>\n<p>Meine Aufgabe besteht darin, f\u00fcr Sie einen passenden Rahmen zu schaffen, indem es Ihnen m\u00f6glich wird, neue L\u00f6sungen zu finden und erste Schritte in Richtung ihres gesteckten Ziels zu gehen. Neben passgenauen Stimm- und Atem\u00fcbungen besteht dieser Rahmen aus zielgerichteten Fragen, pr\u00e4sentem Zuh\u00f6ren, best\u00e4rkenden R\u00fcckmeldungen und n\u00fctzlichen Zusammenfassungen. Dadurch erhalten Sie Zeit und Raum, um Gedanken zu ordnen, Ziele zu konkretisieren und sich eigener Potentiale bewusst zu werden. Sie planen und gestalten aktiv ihre n\u00e4chsten Schritte und ihre Stimme ist die Musik auf diesem Weg.<\/p>\n<p>[\/et_pb_text][\/et_pb_column][\/et_pb_row][et_pb_row column_structure=&#8220;1_3,1_3,1_3&#8243; _builder_version=&#8220;4.14.9&#8243; _module_preset=&#8220;default&#8220; global_colors_info=&#8220;{}&#8220;][et_pb_column type=&#8220;1_3&#8243; _builder_version=&#8220;4.14.9&#8243; _module_preset=&#8220;default&#8220; global_colors_info=&#8220;{}&#8220;][\/et_pb_column][et_pb_column type=&#8220;1_3&#8243; _builder_version=&#8220;4.14.9&#8243; _module_preset=&#8220;default&#8220; global_colors_info=&#8220;{}&#8220;][\/et_pb_column][et_pb_column type=&#8220;1_3&#8243; _builder_version=&#8220;4.14.9&#8243; _module_preset=&#8220;default&#8220; global_colors_info=&#8220;{}&#8220;][\/et_pb_column][\/et_pb_row][\/et_pb_section]<\/p>\n","protected":false},"excerpt":{"rendered":"<p>&#8222;Der Obstbaum, der kein Obst bringtWird unfruchtbar gescholten, werUntersucht den Boden?Der Ast, der zusammenbrichtWird faul gescholten, aberHat nicht Schnee auf ihm gelegen?&#8220; Bertold BrechtOhne weiter dar\u00fcber nachzudenken, gestalten wir den Kontakt mit anderen Menschen ma\u00dfgeblich \u00fcber unsere Stimme. Sie ist das Kommunikationsinstrument! \u00dcber unsere Sprechweise und damit \u00fcber unsere Stimme vermitteln wir innere Haltungen, Gef\u00fchle [&hellip;]<\/p>\n","protected":false},"author":2,"featured_media":0,"parent":0,"menu_order":0,"comment_status":"closed","ping_status":"closed","template":"","meta":{"_et_pb_use_builder":"on","_et_pb_old_content":"","_et_gb_content_width":"","footnotes":""},"class_list":["post-579","page","type-page","status-publish","hentry"],"_links":{"self":[{"href":"https:\/\/archiv.oton-giessen.de\/index.php?rest_route=\/wp\/v2\/pages\/579","targetHints":{"allow":["GET"]}}],"collection":[{"href":"https:\/\/archiv.oton-giessen.de\/index.php?rest_route=\/wp\/v2\/pages"}],"about":[{"href":"https:\/\/archiv.oton-giessen.de\/index.php?rest_route=\/wp\/v2\/types\/page"}],"author":[{"embeddable":true,"href":"https:\/\/archiv.oton-giessen.de\/index.php?rest_route=\/wp\/v2\/users\/2"}],"replies":[{"embeddable":true,"href":"https:\/\/archiv.oton-giessen.de\/index.php?rest_route=%2Fwp%2Fv2%2Fcomments&post=579"}],"version-history":[{"count":34,"href":"https:\/\/archiv.oton-giessen.de\/index.php?rest_route=\/wp\/v2\/pages\/579\/revisions"}],"predecessor-version":[{"id":1001,"href":"https:\/\/archiv.oton-giessen.de\/index.php?rest_route=\/wp\/v2\/pages\/579\/revisions\/1001"}],"wp:attachment":[{"href":"https:\/\/archiv.oton-giessen.de\/index.php?rest_route=%2Fwp%2Fv2%2Fmedia&parent=579"}],"curies":[{"name":"wp","href":"https:\/\/api.w.org\/{rel}","templated":true}]}}