{"id":697,"date":"2021-04-07T16:06:34","date_gmt":"2021-04-07T14:06:34","guid":{"rendered":"http:\/\/archiv.oton-giessen.de\/?page_id=697"},"modified":"2021-08-02T23:52:08","modified_gmt":"2021-08-02T21:52:08","slug":"mein-o-ton","status":"publish","type":"page","link":"https:\/\/archiv.oton-giessen.de\/?page_id=697","title":{"rendered":"Mein O-Ton"},"content":{"rendered":"<p>[et_pb_section fb_built=&#8220;1&#8243; admin_label=&#8220;Sektion&#8220; _builder_version=&#8220;4.4.3&#8243; custom_padding=&#8220;10px|0px|49.5938px|0px&#8220;][et_pb_row _builder_version=&#8220;4.9.7&#8243; _module_preset=&#8220;default&#8220;][et_pb_column type=&#8220;4_4&#8243; _builder_version=&#8220;4.9.7&#8243; _module_preset=&#8220;default&#8220;][et_pb_image src=&#8220;https:\/\/archiv.oton-giessen.de\/wp-content\/uploads\/2021\/08\/meinoton-header.jpg&#8220; alt=&#8220;Claudia Velten&#8220; title_text=&#8220;meinoton-header&#8220; admin_label=&#8220;Bild&#8220; _builder_version=&#8220;4.9.7&#8243; _module_preset=&#8220;default&#8220; animation_style=&#8220;zoom&#8220; animation_duration=&#8220;1100ms&#8220; animation_intensity_zoom=&#8220;14%&#8220;][\/et_pb_image][et_pb_text _builder_version=&#8220;4.9.7&#8243; _module_preset=&#8220;default&#8220; text_line_height=&#8220;2em&#8220;]<\/p>\n<h5>Claudia Velten hat nat\u00fcrlich selbst Freude am Sprechen, Singen, Lesen \u2026 und verleiht Ihrer Audioproduktion \u00fcberzeugenden Ausdruck<\/h5>\n<p>[\/et_pb_text][\/et_pb_column][\/et_pb_row][et_pb_row column_structure=&#8220;1_4,1_4,1_4,1_4&#8243; _builder_version=&#8220;4.4.3&#8243; background_size=&#8220;initial&#8220; background_position=&#8220;top_left&#8220; background_repeat=&#8220;repeat&#8220;][et_pb_column type=&#8220;1_4&#8243; _builder_version=&#8220;3.25&#8243; custom_padding=&#8220;|||&#8220; custom_padding__hover=&#8220;|||&#8220;][et_pb_blurb title=&#8220;Anrufbeantworter 1&#8243; use_icon=&#8220;on&#8220; font_icon=&#8220;%%120%%&#8220; use_icon_font_size=&#8220;on&#8220; icon_font_size=&#8220;75px&#8220; admin_label=&#8220;Anrufbeantworter 1&#8243; _builder_version=&#8220;4.9.7&#8243; header_font=&#8220;|700|||||||&#8220; background_color=&#8220;rgba(244,244,244,0.18)&#8220; text_orientation=&#8220;center&#8220; hover_enabled=&#8220;0&#8243; sticky_enabled=&#8220;0&#8243;]<\/p>\n<audio class=\"wp-audio-shortcode\" id=\"audio-697-1\" preload=\"none\" style=\"width: 100%;\" controls=\"controls\"><source type=\"audio\/mpeg\" src=\"https:\/\/archiv.oton-giessen.de\/wp-content\/uploads\/2021\/04\/Oton_Begruessng_AB.mp3?_=1\" \/><a href=\"https:\/\/archiv.oton-giessen.de\/wp-content\/uploads\/2021\/04\/Oton_Begruessng_AB.mp3\">https:\/\/archiv.oton-giessen.de\/wp-content\/uploads\/2021\/04\/Oton_Begruessng_AB.mp3<\/a><\/audio>\n<p>[\/et_pb_blurb][\/et_pb_column][et_pb_column type=&#8220;1_4&#8243; _builder_version=&#8220;3.25&#8243; custom_padding=&#8220;|||&#8220; custom_padding__hover=&#8220;|||&#8220;][et_pb_blurb title=&#8220;Anrufbeantworter 2&#8243; url=&#8220;#&#8220; use_icon=&#8220;on&#8220; font_icon=&#8220;%%120%%&#8220; use_icon_font_size=&#8220;on&#8220; icon_font_size=&#8220;75px&#8220; admin_label=&#8220;Anrufbeantworter 2&#8243; _builder_version=&#8220;4.4.3&#8243; header_font=&#8220;|700|||||||&#8220; background_color=&#8220;rgba(244,244,244,0.18)&#8220; text_orientation=&#8220;center&#8220;]<\/p>\n<audio class=\"wp-audio-shortcode\" id=\"audio-697-2\" preload=\"none\" style=\"width: 100%;\" controls=\"controls\"><source type=\"audio\/mpeg\" src=\"https:\/\/archiv.oton-giessen.de\/wp-content\/uploads\/2021\/04\/Anrufbeantworter-1.mp3?_=2\" \/><a href=\"https:\/\/archiv.oton-giessen.de\/wp-content\/uploads\/2021\/04\/Anrufbeantworter-1.mp3\">https:\/\/archiv.oton-giessen.de\/wp-content\/uploads\/2021\/04\/Anrufbeantworter-1.mp3<\/a><\/audio>\n<p>[\/et_pb_blurb][\/et_pb_column][et_pb_column type=&#8220;1_4&#8243; _builder_version=&#8220;3.25&#8243; custom_padding=&#8220;|||&#8220; custom_padding__hover=&#8220;|||&#8220;][et_pb_blurb title=&#8220;H\u00f6rspiel&#8220; url=&#8220;#&#8220; use_icon=&#8220;on&#8220; font_icon=&#8220;%%120%%&#8220; use_icon_font_size=&#8220;on&#8220; icon_font_size=&#8220;75px&#8220; admin_label=&#8220;H\u00f6rspiel&#8220; _builder_version=&#8220;4.4.3&#8243; header_font=&#8220;|700|||||||&#8220; background_color=&#8220;rgba(244,244,244,0.18)&#8220; text_orientation=&#8220;center&#8220;]<\/p>\n<audio class=\"wp-audio-shortcode\" id=\"audio-697-3\" preload=\"none\" style=\"width: 100%;\" controls=\"controls\"><source type=\"audio\/mpeg\" src=\"https:\/\/archiv.oton-giessen.de\/wp-content\/uploads\/2021\/04\/Ausschnitt_Hoerspiel_2.mp3?_=3\" \/><a href=\"https:\/\/archiv.oton-giessen.de\/wp-content\/uploads\/2021\/04\/Ausschnitt_Hoerspiel_2.mp3\">https:\/\/archiv.oton-giessen.de\/wp-content\/uploads\/2021\/04\/Ausschnitt_Hoerspiel_2.mp3<\/a><\/audio>\n<p>[\/et_pb_blurb][\/et_pb_column][et_pb_column type=&#8220;1_4&#8243; _builder_version=&#8220;3.25&#8243; custom_padding=&#8220;|||&#8220; custom_padding__hover=&#8220;|||&#8220;][et_pb_blurb title=&#8220;Nachrichten&#8220; url=&#8220;#&#8220; use_icon=&#8220;on&#8220; font_icon=&#8220;%%120%%&#8220; use_icon_font_size=&#8220;on&#8220; icon_font_size=&#8220;75px&#8220; admin_label=&#8220;Nachrichten&#8220; _builder_version=&#8220;4.4.3&#8243; header_font=&#8220;|700|||||||&#8220; background_color=&#8220;rgba(244,244,244,0.18)&#8220; text_orientation=&#8220;center&#8220;]<\/p>\n<audio class=\"wp-audio-shortcode\" id=\"audio-697-4\" preload=\"none\" style=\"width: 100%;\" controls=\"controls\"><source type=\"audio\/mpeg\" src=\"https:\/\/archiv.oton-giessen.de\/wp-content\/uploads\/2021\/04\/Nachrichten.mp3?_=4\" \/><a href=\"https:\/\/archiv.oton-giessen.de\/wp-content\/uploads\/2021\/04\/Nachrichten.mp3\">https:\/\/archiv.oton-giessen.de\/wp-content\/uploads\/2021\/04\/Nachrichten.mp3<\/a><\/audio>\n<p>[\/et_pb_blurb][\/et_pb_column][\/et_pb_row][et_pb_row column_structure=&#8220;1_4,1_2,1_4&#8243; disabled_on=&#8220;on|on|on&#8220; _builder_version=&#8220;4.9.7&#8243; background_image=&#8220;https:\/\/archiv.oton-giessen.de\/wp-content\/uploads\/2018\/05\/bio_04.jpg&#8220; disabled=&#8220;on&#8220; collapsed=&#8220;on&#8220;][et_pb_column type=&#8220;1_4&#8243; _builder_version=&#8220;3.25&#8243; custom_padding=&#8220;|||&#8220; custom_padding__hover=&#8220;|||&#8220;][\/et_pb_column][et_pb_column type=&#8220;1_2&#8243; _builder_version=&#8220;3.25&#8243; custom_padding=&#8220;|||&#8220; custom_padding__hover=&#8220;|||&#8220;][et_pb_text admin_label=&#8220;Text O-T\u00f6ne&#8220; _builder_version=&#8220;4.9.7&#8243; text_orientation=&#8220;center&#8220;]<\/p>\n<h2 style=\"text-align: center;\"><strong>Claudia Velten<br \/><\/strong><\/h2>\n<p style=\"text-align: center;\">hat nat\u00fcrlich selbst Freude am Sprechen, Singen, Lesen<\/p>\n<p>&#8230; und verleiht Ihrer Audioproduktion \u00fcberzeugenden Ausdruck<\/p>\n<p>[\/et_pb_text][\/et_pb_column][et_pb_column type=&#8220;1_4&#8243; _builder_version=&#8220;3.25&#8243; custom_padding=&#8220;|||&#8220; custom_padding__hover=&#8220;|||&#8220;][\/et_pb_column][\/et_pb_row][et_pb_row column_structure=&#8220;1_3,1_3,1_3&#8243; _builder_version=&#8220;4.4.3&#8243; background_size=&#8220;initial&#8220; background_position=&#8220;top_left&#8220; background_repeat=&#8220;repeat&#8220;][et_pb_column type=&#8220;1_3&#8243; _builder_version=&#8220;3.25&#8243; custom_padding=&#8220;|||&#8220; custom_padding__hover=&#8220;|||&#8220;][et_pb_blurb title=&#8220;Erz\u00e4hlung&#8220; url=&#8220;#&#8220; use_icon=&#8220;on&#8220; font_icon=&#8220;%%120%%&#8220; use_icon_font_size=&#8220;on&#8220; icon_font_size=&#8220;75px&#8220; admin_label=&#8220;Erz\u00e4hlung&#8220; _builder_version=&#8220;4.4.3&#8243; header_font=&#8220;|700|||||||&#8220; background_color=&#8220;rgba(244,244,244,0.18)&#8220; text_orientation=&#8220;center&#8220;]<\/p>\n<audio class=\"wp-audio-shortcode\" id=\"audio-697-5\" preload=\"none\" style=\"width: 100%;\" controls=\"controls\"><source type=\"audio\/mpeg\" src=\"https:\/\/archiv.oton-giessen.de\/wp-content\/uploads\/2021\/04\/Erzaehlung.mp3?_=5\" \/><a href=\"https:\/\/archiv.oton-giessen.de\/wp-content\/uploads\/2021\/04\/Erzaehlung.mp3\">https:\/\/archiv.oton-giessen.de\/wp-content\/uploads\/2021\/04\/Erzaehlung.mp3<\/a><\/audio>\n<p>[\/et_pb_blurb][\/et_pb_column][et_pb_column type=&#8220;1_3&#8243; _builder_version=&#8220;3.25&#8243; custom_padding=&#8220;|||&#8220; custom_padding__hover=&#8220;|||&#8220;][et_pb_blurb title=&#8220;Rezept&#8220; url=&#8220;#&#8220; use_icon=&#8220;on&#8220; font_icon=&#8220;%%120%%&#8220; use_icon_font_size=&#8220;on&#8220; icon_font_size=&#8220;75px&#8220; admin_label=&#8220;Rezept&#8220; _builder_version=&#8220;4.4.3&#8243; header_font=&#8220;|700|||||||&#8220; background_color=&#8220;rgba(244,244,244,0.18)&#8220; text_orientation=&#8220;center&#8220;]<\/p>\n<audio class=\"wp-audio-shortcode\" id=\"audio-697-6\" preload=\"none\" style=\"width: 100%;\" controls=\"controls\"><source type=\"audio\/mpeg\" src=\"https:\/\/archiv.oton-giessen.de\/wp-content\/uploads\/2021\/04\/Kuchenrezept-2.mp3?_=6\" \/><a href=\"https:\/\/archiv.oton-giessen.de\/wp-content\/uploads\/2021\/04\/Kuchenrezept-2.mp3\">https:\/\/archiv.oton-giessen.de\/wp-content\/uploads\/2021\/04\/Kuchenrezept-2.mp3<\/a><\/audio>\n<p>[\/et_pb_blurb][\/et_pb_column][et_pb_column type=&#8220;1_3&#8243; _builder_version=&#8220;3.25&#8243; custom_padding=&#8220;|||&#8220; custom_padding__hover=&#8220;|||&#8220;][et_pb_blurb title=&#8220;Stadtf\u00fchrung&#8220; url=&#8220;#&#8220; use_icon=&#8220;on&#8220; font_icon=&#8220;%%120%%&#8220; use_icon_font_size=&#8220;on&#8220; icon_font_size=&#8220;75px&#8220; admin_label=&#8220;Stadtf\u00fchrung&#8220; _builder_version=&#8220;4.4.3&#8243; header_font=&#8220;|700|||||||&#8220; background_color=&#8220;rgba(244,244,244,0.18)&#8220; text_orientation=&#8220;center&#8220;]<\/p>\n<audio class=\"wp-audio-shortcode\" id=\"audio-697-7\" preload=\"none\" style=\"width: 100%;\" controls=\"controls\"><source type=\"audio\/mpeg\" src=\"https:\/\/archiv.oton-giessen.de\/wp-content\/uploads\/2021\/04\/Stadtfuehrung.mp3?_=7\" \/><a href=\"https:\/\/archiv.oton-giessen.de\/wp-content\/uploads\/2021\/04\/Stadtfuehrung.mp3\">https:\/\/archiv.oton-giessen.de\/wp-content\/uploads\/2021\/04\/Stadtfuehrung.mp3<\/a><\/audio>\n<p>[\/et_pb_blurb][\/et_pb_column][\/et_pb_row][et_pb_row _builder_version=&#8220;4.4.3&#8243;][et_pb_column type=&#8220;4_4&#8243; _builder_version=&#8220;4.4.3&#8243;][et_pb_text disabled_on=&#8220;on|on|on&#8220; _builder_version=&#8220;4.4.3&#8243; disabled=&#8220;on&#8220;]<\/p>\n<p style=\"text-align: center;\"><strong><span style=\"font-size: 14pt;\">Diese Seite befindet sich im Aufbau!<\/span><\/strong><\/p>\n<p>[\/et_pb_text][\/et_pb_column][\/et_pb_row][\/et_pb_section]<\/p>\n","protected":false},"excerpt":{"rendered":"<p>Claudia Velten hat nat\u00fcrlich selbst Freude am Sprechen, Singen, Lesen \u2026 und verleiht Ihrer Audioproduktion \u00fcberzeugenden AusdruckClaudia Velten hat nat\u00fcrlich selbst Freude am Sprechen, Singen, Lesen &#8230; und verleiht Ihrer Audioproduktion \u00fcberzeugenden AusdruckDiese Seite befindet sich im Aufbau!<\/p>\n","protected":false},"author":1,"featured_media":0,"parent":0,"menu_order":0,"comment_status":"closed","ping_status":"closed","template":"","meta":{"_et_pb_use_builder":"on","_et_pb_old_content":"","_et_gb_content_width":"","footnotes":""},"class_list":["post-697","page","type-page","status-publish","hentry"],"_links":{"self":[{"href":"https:\/\/archiv.oton-giessen.de\/index.php?rest_route=\/wp\/v2\/pages\/697","targetHints":{"allow":["GET"]}}],"collection":[{"href":"https:\/\/archiv.oton-giessen.de\/index.php?rest_route=\/wp\/v2\/pages"}],"about":[{"href":"https:\/\/archiv.oton-giessen.de\/index.php?rest_route=\/wp\/v2\/types\/page"}],"author":[{"embeddable":true,"href":"https:\/\/archiv.oton-giessen.de\/index.php?rest_route=\/wp\/v2\/users\/1"}],"replies":[{"embeddable":true,"href":"https:\/\/archiv.oton-giessen.de\/index.php?rest_route=%2Fwp%2Fv2%2Fcomments&post=697"}],"version-history":[{"count":46,"href":"https:\/\/archiv.oton-giessen.de\/index.php?rest_route=\/wp\/v2\/pages\/697\/revisions"}],"predecessor-version":[{"id":910,"href":"https:\/\/archiv.oton-giessen.de\/index.php?rest_route=\/wp\/v2\/pages\/697\/revisions\/910"}],"wp:attachment":[{"href":"https:\/\/archiv.oton-giessen.de\/index.php?rest_route=%2Fwp%2Fv2%2Fmedia&parent=697"}],"curies":[{"name":"wp","href":"https:\/\/api.w.org\/{rel}","templated":true}]}}